{"id":26,"date":"2026-04-28T01:40:20","date_gmt":"2026-04-28T01:40:20","guid":{"rendered":"http:\/\/3.216.29.183\/?page_id=26"},"modified":"2026-05-09T07:44:21","modified_gmt":"2026-05-09T12:44:21","slug":"portfolio","status":"publish","type":"page","link":"https:\/\/dr-jorgesanchez.com\/?page_id=26","title":{"rendered":"Servicios"},"content":{"rendered":"\t\t<div data-elementor-type=\"wp-page\" data-elementor-id=\"26\" class=\"elementor elementor-26\">\n\t\t\t\t<div class=\"elementor-element elementor-element-63d34850 e-con-full e-flex e-con e-parent\" data-id=\"63d34850\" data-element_type=\"container\" data-e-type=\"container\" data-settings=\"{&quot;background_background&quot;:&quot;gradient&quot;}\">\n\t\t\t\t<div class=\"elementor-element elementor-element-693a71ea elementor-widget elementor-widget-heading\" data-id=\"693a71ea\" data-element_type=\"widget\" data-e-type=\"widget\" data-widget_type=\"heading.default\">\n\t\t\t\t\t<h1 class=\"elementor-heading-title elementor-size-default\">Nuestros Servicios<\/h1>\t\t\t\t<\/div>\n\t\t\t\t<div class=\"elementor-element elementor-element-152ac140 elementor-widget elementor-widget-heading\" data-id=\"152ac140\" data-element_type=\"widget\" data-e-type=\"widget\" data-widget_type=\"heading.default\">\n\t\t\t\t\t<h5 class=\"elementor-heading-title elementor-size-default\">Conoce nuestros tratamientos con tecnolog\u00edas a la vanguardia y los m\u00e1s altos est\u00e1ndares profesionales<\/h5>\t\t\t\t<\/div>\n\t\t\t\t<\/div>\n\t\t<div class=\"e-con e-atomic-element e-tabs-base e-b3a32dc-6eb68ed \" data-id=\"b3a32dc\" data-element_type=\"e-tabs\" data-e-type=\"e-tabs\" data-interaction-id=\"b3a32dc\" data-interactions=\"null\" x-data=\"eTabsb3a32dc\" data-e-settings=\"&#x7B;&quot;default-active-tab&quot;&#x3A;&quot;b3a32dc-tab-0&quot;&#x7D;\" >\n    <div class=\"e-con e-atomic-element e-tabs-menu-base e-948dd09-3627c2f \" data-id=\"948dd09\" data-element_type=\"e-tabs-menu\" data-e-type=\"e-tabs-menu\" data-interaction-id=\"948dd09\" data-interactions=\"null\" role=\"tablist\" ><button class=\"e-con e-atomic-element e-tab-base e-5b8daad-d6cf831  e--selected\" data-id=\"5b8daad\" data-element_type=\"e-tab\" data-e-type=\"e-tab\" data-interaction-id=\"5b8daad\" data-interactions=\"null\" role=\"tab\" tabindex=\"0\" aria-selected=\"true\" x-bind=\"tab\" x-ref=\"5b8daad\" id=\"b3a32dc-tab-0\" aria-controls=\"b3a32dc-tab-content-0\" >\t\t\t\t\t\t<p class=\"e-paragraph-base\" data-interaction-id=\"94c8518\"  >\n\t\t\t\t\t\t\t\tTratamiento de<br>Bruxismo\n\t\t\t\t\t<\/p>\n\t\t<\/button>\n<button class=\"e-con e-atomic-element e-tab-base e-44369a5-50764a0 \" data-id=\"44369a5\" data-element_type=\"e-tab\" data-e-type=\"e-tab\" data-interaction-id=\"44369a5\" data-interactions=\"null\" role=\"tab\" tabindex=\"-1\" aria-selected=\"false\" x-bind=\"tab\" x-ref=\"44369a5\" id=\"b3a32dc-tab-1\" aria-controls=\"b3a32dc-tab-content-1\" >\t\t\t\t\t\t<span class=\"e-6f40201-2c7a94e e-paragraph-base\" data-interaction-id=\"6f40201\"  >\n\t\t\t\t\t\t\t\tBlanqueamiento<br>Dental\n\t\t\t\t\t<\/span>\n\t\t<\/button>\n<button class=\"e-con e-atomic-element e-tab-base e-54ccd67-6f29016 \" data-id=\"54ccd67\" data-element_type=\"e-tab\" data-e-type=\"e-tab\" data-interaction-id=\"54ccd67\" data-interactions=\"null\" role=\"tab\" tabindex=\"-1\" aria-selected=\"false\" x-bind=\"tab\" x-ref=\"54ccd67\" id=\"b3a32dc-tab-2\" aria-controls=\"b3a32dc-tab-content-2\" >\t\t\t\t\t\t<span class=\"e-eefc07e-d779232 e-paragraph-base\" data-interaction-id=\"eefc07e\"  >\n\t\t\t\t\t\t\t\tRestauraci\u00f3n<br>Dental\n\t\t\t\t\t<\/span>\n\t\t<\/button>\n<button class=\"e-con e-atomic-element e-tab-base e-a398cbd-79e9caa \" data-id=\"a398cbd\" data-element_type=\"e-tab\" data-e-type=\"e-tab\" data-interaction-id=\"a398cbd\" data-interactions=\"null\" role=\"tab\" tabindex=\"-1\" aria-selected=\"false\" x-bind=\"tab\" x-ref=\"a398cbd\" id=\"b3a32dc-tab-3\" aria-controls=\"b3a32dc-tab-content-3\" >\t\t\t\t\t\t<span class=\"e-3b7109d-fb40e89 e-paragraph-base\" data-interaction-id=\"3b7109d\"  >\n\t\t\t\t\t\t\t\tDise\u00f1o de<br>Sonrisa\n\t\t\t\t\t<\/span>\n\t\t<\/button>\n<\/div>\n<div class=\"e-con e-atomic-element e-tabs-content-area-base \" data-id=\"fed67f2\" data-element_type=\"e-tabs-content-area\" data-e-type=\"e-tabs-content-area\" data-interaction-id=\"fed67f2\" data-interactions=\"null\" ><div class=\"e-con e-atomic-element e-tab-content-base  e--selected\" data-id=\"22c19d2\" data-element_type=\"e-tab-content\" data-e-type=\"e-tab-content\" data-interaction-id=\"22c19d2\" data-interactions=\"null\" role=\"tabpanel\" x-bind=\"tabContent\" id=\"b3a32dc-tab-content-0\" aria-labelledby=\"b3a32dc-tab-0\" ><div class=\"elementor-element elementor-element-132d60d e-flex e-con-boxed e-con e-parent\" data-id=\"132d60d\" data-element_type=\"container\" data-e-type=\"container\">\n\t\t\t\t\t<div class=\"e-con-inner\">\n\t\t<div class=\"elementor-element elementor-element-798978f e-grid e-con-full e-con e-child\" data-id=\"798978f\" data-element_type=\"container\" data-e-type=\"container\">\n\t\t\t\t\t\t\t\n\t\t<img class=\"e-image-base e-44da403-a30f82a\" \n\t\t\t\t\tdata-interaction-id=\"44da403\" \n\t\t \n\t\t \n\t\t\t\t\t\t\t\t\tid=\"118\"\n\t\t\t\t\t\t\t\t\t\t\t\tsrc=\"https:\/\/dr-jorgesanchez.com\/wp-content\/uploads\/2026\/05\/Tratamiento-enfasis-bruxismo-2-scaled-e1778328479957-906x1536.png\"\n\t\t\t\t\t\t\t\t\t\t\t\twidth=\"906\"\n\t\t\t\t\t\t\t\t\t\t\t\theight=\"1536\"\n\t\t\t\t\t\t\t\t\t\t\t\tsrcset=\"https:\/\/dr-jorgesanchez.com\/wp-content\/uploads\/2026\/05\/Tratamiento-enfasis-bruxismo-2-scaled-e1778328479957-906x1536.png 906w, https:\/\/dr-jorgesanchez.com\/wp-content\/uploads\/2026\/05\/Tratamiento-enfasis-bruxismo-2-scaled-e1778328479957-177x300.png 177w, https:\/\/dr-jorgesanchez.com\/wp-content\/uploads\/2026\/05\/Tratamiento-enfasis-bruxismo-2-scaled-e1778328479957-604x1024.png 604w, https:\/\/dr-jorgesanchez.com\/wp-content\/uploads\/2026\/05\/Tratamiento-enfasis-bruxismo-2-scaled-e1778328479957-768x1302.png 768w, https:\/\/dr-jorgesanchez.com\/wp-content\/uploads\/2026\/05\/Tratamiento-enfasis-bruxismo-2-scaled-e1778328479957-1208x2048.png 1208w, https:\/\/dr-jorgesanchez.com\/wp-content\/uploads\/2026\/05\/Tratamiento-enfasis-bruxismo-2-scaled-e1778328479957.png 1327w\"\n\t\t\t\t\t\t\t\t\t\t\t\talt=\"\"\n\t\t\t\t\t\t\/>\n\t\t\t<div class=\"elementor-element elementor-element-6e4e475 e-con-full e-flex e-con e-child\" data-id=\"6e4e475\" data-element_type=\"container\" data-e-type=\"container\">\n\t\t\t\t\t\t\t\t<p class=\"e-850f103-f4224fd e-paragraph-base\" data-interaction-id=\"850f103\"  >\n\t\t\t\t\t\t\t\t<strong>Alivio y equilibrio para tu d\u00eda a d\u00eda<\/strong>\n\t\t\t\t\t<\/p>\n\t\t\t\t\t\t\t\t<p class=\"e-6d80c47-c59083f e-paragraph-base\" data-interaction-id=\"6d80c47\"  >\n\t\t\t\t\t\t\t\tEl desgaste dental, los dolores de cabeza o la tensi\u00f3n en la mand\u00edbula no tienen por qu\u00e9 ser parte de tu rutina. Entendemos el impacto de las disfunciones temporomandibulares y el bruxismo, por lo que te ofrecemos un manejo compasivo y cl\u00ednicamente avanzado para eliminar el dolor y proteger tus dientes a largo plazo.<br><br><strong id=\"e-mojbadv8-t295q3g\">Equilibrio de la Mordida:<\/strong> Realizamos ajustes oclusales (tallado selectivo) y nivelaci\u00f3n de los planos de mordida para asegurar que tu mand\u00edbula descanse en la posici\u00f3n correcta.<br><br><strong id=\"e-mojbadv8-o4o5yl6\">Manejo del Dolor:<\/strong> Integramos t\u00e9cnicas innovadoras como la terapia neural para brindar un alivio profundo y efectivo frente al dolor cr\u00f3nico y la tensi\u00f3n articular.\n\t\t\t\t\t<\/p>\n\t\t\t\t<\/div>\n\t\t\t\t<\/div>\n\t\t\t\t\t<\/div>\n\t\t\t\t<\/div>\n\t\t<\/div>\n<div class=\"e-con e-atomic-element e-tab-content-base \" data-id=\"d3152e7\" data-element_type=\"e-tab-content\" data-e-type=\"e-tab-content\" data-interaction-id=\"d3152e7\" data-interactions=\"null\" role=\"tabpanel\" x-bind=\"tabContent\" id=\"b3a32dc-tab-content-1\" aria-labelledby=\"b3a32dc-tab-1\" hidden=\"true\" style=\"display: none;\" ><div class=\"elementor-element elementor-element-678afb4 e-flex e-con-boxed e-con e-parent\" data-id=\"678afb4\" data-element_type=\"container\" data-e-type=\"container\">\n\t\t\t\t\t<div class=\"e-con-inner\">\n\t\t<div class=\"elementor-element elementor-element-3fb3e3d e-grid e-con-full e-con e-child\" data-id=\"3fb3e3d\" data-element_type=\"container\" data-e-type=\"container\">\n\t\t\t\t\t\t\t\n\t\t<img class=\"e-image-base \" \n\t\t\t\t\tdata-interaction-id=\"c7c1992\" \n\t\t \n\t\t \n\t\t\t\t\t\t\t\t\tid=\"120\"\n\t\t\t\t\t\t\t\t\t\t\t\tsrc=\"https:\/\/dr-jorgesanchez.com\/wp-content\/uploads\/2026\/05\/Blanqueamiento-dental-2-scaled-e1778328420133.png\"\n\t\t\t\t\t\t\t\t\t\t\t\twidth=\"1894\"\n\t\t\t\t\t\t\t\t\t\t\t\theight=\"1250\"\n\t\t\t\t\t\t\t\t\t\t\t\tsrcset=\"https:\/\/dr-jorgesanchez.com\/wp-content\/uploads\/2026\/05\/Blanqueamiento-dental-2-scaled-e1778328420133.png 1894w, https:\/\/dr-jorgesanchez.com\/wp-content\/uploads\/2026\/05\/Blanqueamiento-dental-2-scaled-e1778328420133-300x198.png 300w, https:\/\/dr-jorgesanchez.com\/wp-content\/uploads\/2026\/05\/Blanqueamiento-dental-2-scaled-e1778328420133-1024x676.png 1024w, https:\/\/dr-jorgesanchez.com\/wp-content\/uploads\/2026\/05\/Blanqueamiento-dental-2-scaled-e1778328420133-768x507.png 768w, https:\/\/dr-jorgesanchez.com\/wp-content\/uploads\/2026\/05\/Blanqueamiento-dental-2-scaled-e1778328420133-1536x1014.png 1536w\"\n\t\t\t\t\t\t\t\t\t\t\t\talt=\"\"\n\t\t\t\t\t\t\/>\n\t\t\t<div class=\"elementor-element elementor-element-7457992 e-con-full e-flex e-con e-child\" data-id=\"7457992\" data-element_type=\"container\" data-e-type=\"container\">\n\t\t\t\t\t\t\t\t<p class=\"e-20c2470-4b26f86 e-paragraph-base\" data-interaction-id=\"20c2470\"  >\n\t\t\t\t\t\t\t\t<strong>Ilumina tu rostro con seguridad<\/strong><br><br>\n\t\t\t\t\t<\/p>\n\t\t\t\t\t\t\t\t<p class=\"e-paragraph-base\" data-interaction-id=\"5576774\"  >\n\t\t\t\t\t\t\t\tDevu\u00e9lvele la luminosidad a tu sonrisa con t\u00e9cnicas seguras que protegen el esmalte de tus dientes. Evaluamos el origen de las manchas para ofrecerte el tratamiento exacto que necesitas, logrando un tono blanco, radiante y natural.<br><br><strong>Blanqueamiento Especializado:<\/strong> Tratamos no solo pigmentaciones superficiales con avanzadas t\u00e9cnicas de luz, sino tambi\u00e9n manchas profundas.<br><br><strong>Aclaramiento Interno (Intr\u00ednseco):<\/strong> Si tienes un diente oscurecido tras un tratamiento de conducto (endodoncia), realizamos blanqueamientos coronales espec\u00edficos para igualar su color con el resto de tu sonrisa, devolvi\u00e9ndole su vitalidad.\n\t\t\t\t\t<\/p>\n\t\t\t\t<\/div>\n\t\t\t\t<\/div>\n\t\t\t\t\t<\/div>\n\t\t\t\t<\/div>\n\t\t<\/div>\n<div class=\"e-con e-atomic-element e-tab-content-base \" data-id=\"53db7fe\" data-element_type=\"e-tab-content\" data-e-type=\"e-tab-content\" data-interaction-id=\"53db7fe\" data-interactions=\"null\" role=\"tabpanel\" x-bind=\"tabContent\" id=\"b3a32dc-tab-content-2\" aria-labelledby=\"b3a32dc-tab-2\" hidden=\"true\" style=\"display: none;\" ><div class=\"elementor-element elementor-element-df4254e e-flex e-con-boxed e-con e-parent\" data-id=\"df4254e\" data-element_type=\"container\" data-e-type=\"container\">\n\t\t\t\t\t<div class=\"e-con-inner\">\n\t\t<div class=\"elementor-element elementor-element-d2de58c e-grid e-con-full e-con e-child\" data-id=\"d2de58c\" data-element_type=\"container\" data-e-type=\"container\">\n\t\t\t\t\t\t\t\n\t\t<img class=\"e-image-base e-8debb63-b07dce1\" \n\t\t\t\t\tdata-interaction-id=\"8debb63\" \n\t\t \n\t\t \n\t\t\t\t\t\t\t\t\tid=\"121\"\n\t\t\t\t\t\t\t\t\t\t\t\tsrc=\"https:\/\/dr-jorgesanchez.com\/wp-content\/uploads\/2026\/05\/Restauracion-dental-2-scaled.png\"\n\t\t\t\t\t\t\t\t\t\t\t\twidth=\"2560\"\n\t\t\t\t\t\t\t\t\t\t\t\theight=\"1396\"\n\t\t\t\t\t\t\t\t\t\t\t\tsrcset=\"https:\/\/dr-jorgesanchez.com\/wp-content\/uploads\/2026\/05\/Restauracion-dental-2-scaled.png 2560w, https:\/\/dr-jorgesanchez.com\/wp-content\/uploads\/2026\/05\/Restauracion-dental-2-300x164.png 300w, https:\/\/dr-jorgesanchez.com\/wp-content\/uploads\/2026\/05\/Restauracion-dental-2-1024x559.png 1024w, https:\/\/dr-jorgesanchez.com\/wp-content\/uploads\/2026\/05\/Restauracion-dental-2-768x419.png 768w, https:\/\/dr-jorgesanchez.com\/wp-content\/uploads\/2026\/05\/Restauracion-dental-2-1536x838.png 1536w, https:\/\/dr-jorgesanchez.com\/wp-content\/uploads\/2026\/05\/Restauracion-dental-2-2048x1117.png 2048w\"\n\t\t\t\t\t\t\t\t\t\t\t\talt=\"\"\n\t\t\t\t\t\t\/>\n\t\t\t<div class=\"elementor-element elementor-element-310e4ed e-con-full e-flex e-con e-child\" data-id=\"310e4ed\" data-element_type=\"container\" data-e-type=\"container\">\n\t\t\t\t\t\t\t\t<p class=\"e-8cdae52-2a32132 e-paragraph-base\" data-interaction-id=\"8cdae52\"  >\n\t\t\t\t\t\t\t\t<strong>Recupera la funcionalidad y belleza de tu sonrisa<\/strong>\n\t\t\t\t\t<\/p>\n\t\t\t\t\t\t\t\t<p class=\"e-paragraph-base\" data-interaction-id=\"8fce3de\"  >\n\t\t\t\t\t\t\t\tSabemos que perder la salud o estructura de un diente afecta tu confianza y calidad de vida. Nuestro enfoque en restauraci\u00f3n dental busca devolverte la tranquilidad de sonre\u00edr, hablar y comer con total normalidad, utilizando materiales de la m\u00e1s alta calidad que garantizan durabilidad y una apariencia completamente natural.<br><br><strong>Coronas y Carillas:<\/strong> Dise\u00f1amos coronas sobre dientes o implantes, y aplicamos carillas e incrustaciones en cer\u00e1micas y resinas de alta est\u00e9tica para restaurar la forma y color de tus piezas dentales.<br><br><strong>Pr\u00f3tesis Personalizadas:<\/strong> Contamos con opciones adaptables a cada necesidad, desde pr\u00f3tesis sobre implantes (atornilladas o de fricci\u00f3n) hasta pr\u00f3tesis totales y parciales convencionales o flexibles, garantizando tu comodidad.<br><br><strong>Rehabilitaci\u00f3n Integral:<\/strong> Realizamos desde operatoria dental b\u00e1sica hasta restauraciones complejas sobre implantes, devolviendo la armon\u00eda a tu boca.\n\t\t\t\t\t<\/p>\n\t\t\t\t<\/div>\n\t\t\t\t<\/div>\n\t\t\t\t\t<\/div>\n\t\t\t\t<\/div>\n\t\t<\/div>\n<div class=\"e-con e-atomic-element e-tab-content-base \" data-id=\"1a8772b\" data-element_type=\"e-tab-content\" data-e-type=\"e-tab-content\" data-interaction-id=\"1a8772b\" data-interactions=\"null\" role=\"tabpanel\" x-bind=\"tabContent\" id=\"b3a32dc-tab-content-3\" aria-labelledby=\"b3a32dc-tab-3\" hidden=\"true\" style=\"display: none;\" ><div class=\"elementor-element elementor-element-d24efa8 e-flex e-con-boxed e-con e-parent\" data-id=\"d24efa8\" data-element_type=\"container\" data-e-type=\"container\">\n\t\t\t\t\t<div class=\"e-con-inner\">\n\t\t<div class=\"elementor-element elementor-element-dbd2ba7 e-grid e-con-full e-con e-child\" data-id=\"dbd2ba7\" data-element_type=\"container\" data-e-type=\"container\">\n\t\t\t\t\t\t\t\n\t\t<img class=\"e-image-base \" \n\t\t\t\t\tdata-interaction-id=\"374586b\" \n\t\t \n\t\t \n\t\t\t\t\t\t\t\t\tid=\"122\"\n\t\t\t\t\t\t\t\t\t\t\t\tsrc=\"https:\/\/dr-jorgesanchez.com\/wp-content\/uploads\/2026\/05\/Diseno-de-sonrisa-2-e1778329600131.png\"\n\t\t\t\t\t\t\t\t\t\t\t\twidth=\"1740\"\n\t\t\t\t\t\t\t\t\t\t\t\theight=\"1532\"\n\t\t\t\t\t\t\t\t\t\t\t\tsrcset=\"https:\/\/dr-jorgesanchez.com\/wp-content\/uploads\/2026\/05\/Diseno-de-sonrisa-2-e1778329600131.png 1740w, https:\/\/dr-jorgesanchez.com\/wp-content\/uploads\/2026\/05\/Diseno-de-sonrisa-2-e1778329600131-300x264.png 300w, https:\/\/dr-jorgesanchez.com\/wp-content\/uploads\/2026\/05\/Diseno-de-sonrisa-2-e1778329600131-1024x902.png 1024w, https:\/\/dr-jorgesanchez.com\/wp-content\/uploads\/2026\/05\/Diseno-de-sonrisa-2-e1778329600131-768x676.png 768w, https:\/\/dr-jorgesanchez.com\/wp-content\/uploads\/2026\/05\/Diseno-de-sonrisa-2-e1778329600131-1536x1352.png 1536w\"\n\t\t\t\t\t\t\t\t\t\t\t\talt=\"\"\n\t\t\t\t\t\t\/>\n\t\t\t<div class=\"elementor-element elementor-element-56778c0 e-con-full e-flex e-con e-child\" data-id=\"56778c0\" data-element_type=\"container\" data-e-type=\"container\">\n\t\t\t\t\t\t\t\t<p class=\"e-26352fc-e982a4e e-paragraph-base\" data-interaction-id=\"26352fc\"  >\n\t\t\t\t\t\t\t\t<strong>Armon\u00eda perfecta, resultados naturales<\/strong>\n\t\t\t\t\t<\/p>\n\t\t\t\t\t\t\t\t<p class=\"e-paragraph-base\" data-interaction-id=\"984ff38\"  >\n\t\t\t\t\t\t\t\tUna sonrisa hermosa es el reflejo de una boca sana. Nuestro servicio de est\u00e9tica dental va mucho m\u00e1s all\u00e1 de los dientes; analizamos la arquitectura de tu rostro y enc\u00edas para dise\u00f1ar una sonrisa que resalte tu mejor versi\u00f3n, apoyados en procedimientos regenerativos de vanguardia.<br><br><strong id=\"e-mojaytrn-v409plz\">Armonizaci\u00f3n Gingival y Facial:<\/strong> Manejamos la altura de tus enc\u00edas para lograr la longitud ideal de tus dientes y realizamos perfilamiento est\u00e9tico. Adem\u00e1s, trabajamos de manera interdisciplinaria en correcciones de posici\u00f3n mandibular (como deformidades maxilofaciales clase 3) para lograr una simetr\u00eda facial perfecta.<br><br><strong id=\"e-mojaytrn-oems16r\">Regeneraci\u00f3n Avanzada:<\/strong> Para cimentar una sonrisa duradera, empleamos injertos de tejido \u00f3seo (incluyendo aloinjertos de grado humano) potenciados con Plasma Rico en Plaquetas (PRP), acelerando la sanaci\u00f3n y asegurando el \u00e9xito de tus tratamientos est\u00e9ticos y de implantes.\n\t\t\t\t\t<\/p>\n\t\t\t\t<\/div>\n\t\t\t\t<\/div>\n\t\t\t\t\t<\/div>\n\t\t\t\t<\/div>\n\t\t<\/div>\n<\/div>\n\n<\/div>\n\t\t\n<div class=\"elementor-element elementor-element-f57a909 e-con-full e-flex e-con e-parent\" data-id=\"f57a909\" data-element_type=\"container\" data-e-type=\"container\" data-settings=\"{&quot;background_background&quot;:&quot;classic&quot;}\">\n\t\t<div class=\"elementor-element elementor-element-14bb2cb1 e-con-full e-flex e-con e-child\" data-id=\"14bb2cb1\" data-element_type=\"container\" data-e-type=\"container\">\n\t\t\t\t<div class=\"elementor-element elementor-element-7cddb57a elementor-widget elementor-widget-heading\" data-id=\"7cddb57a\" data-element_type=\"widget\" data-e-type=\"widget\" data-widget_type=\"heading.default\">\n\t\t\t\t\t<h2 class=\"elementor-heading-title elementor-size-default\">Agenda tu consulta especializada<\/h2>\t\t\t\t<\/div>\n\t\t\t\t<div class=\"elementor-element elementor-element-5e1de9f7 elementor-widget elementor-widget-text-editor\" data-id=\"5e1de9f7\" data-element_type=\"widget\" data-e-type=\"widget\" data-widget_type=\"text-editor.default\">\n\t\t\t\t\t\t\t\t\t<p>Dar el primer paso hacia una mejor salud dental no tiene por qu\u00e9 ser estresante. Perm\u00edtenos evaluar tu caso de manera personalizada y explicarte detalladamente tus opciones de tratamiento. Recupera tu bienestar con la tranquilidad absoluta de estar en unas &#8220;manos seguras y amigas&#8221;.<\/p>\t\t\t\t\t\t\t\t<\/div>\n\t\t\t\t<div class=\"elementor-element elementor-element-5bb73fdf elementor-invisible elementor-widget elementor-widget-button\" data-id=\"5bb73fdf\" data-element_type=\"widget\" data-e-type=\"widget\" data-settings=\"{&quot;_animation&quot;:&quot;fadeInDown&quot;}\" data-widget_type=\"button.default\">\n\t\t\t\t\t\t\t\t\t\t<a class=\"elementor-button elementor-button-link elementor-size-sm\" href=\"https:\/\/library.elementor.com\/portfolio-wireframe-2-flexbox\/contact\/\">\n\t\t\t\t\t\t<span class=\"elementor-button-content-wrapper\">\n\t\t\t\t\t\t\t\t\t<span class=\"elementor-button-text\">Ag\u00e9ndate<\/span>\n\t\t\t\t\t<\/span>\n\t\t\t\t\t<\/a>\n\t\t\t\t\t\t\t\t<\/div>\n\t\t\t\t<\/div>\n\t\t<div class=\"elementor-element elementor-element-3231a33b e-con-full e-flex e-con e-child\" data-id=\"3231a33b\" data-element_type=\"container\" data-e-type=\"container\">\n\t\t\t\t<div class=\"elementor-element elementor-element-3bebec3c elementor-widget elementor-widget-image\" data-id=\"3bebec3c\" data-element_type=\"widget\" data-e-type=\"widget\" data-widget_type=\"image.default\">\n\t\t\t\t\t\t\t\t\t\t\t\t\t\t\t<img fetchpriority=\"high\" decoding=\"async\" width=\"908\" height=\"1600\" src=\"https:\/\/dr-jorgesanchez.com\/wp-content\/uploads\/2026\/04\/Servicios-1.jpeg\" class=\"attachment-full size-full wp-image-85\" alt=\"Imagen de atencion a paciente\" srcset=\"https:\/\/dr-jorgesanchez.com\/wp-content\/uploads\/2026\/04\/Servicios-1.jpeg 908w, https:\/\/dr-jorgesanchez.com\/wp-content\/uploads\/2026\/04\/Servicios-1-170x300.jpeg 170w, https:\/\/dr-jorgesanchez.com\/wp-content\/uploads\/2026\/04\/Servicios-1-581x1024.jpeg 581w, https:\/\/dr-jorgesanchez.com\/wp-content\/uploads\/2026\/04\/Servicios-1-768x1353.jpeg 768w, https:\/\/dr-jorgesanchez.com\/wp-content\/uploads\/2026\/04\/Servicios-1-872x1536.jpeg 872w\" sizes=\"(max-width: 908px) 100vw, 908px\" \/>\t\t\t\t\t\t\t\t\t\t\t\t\t\t\t<\/div>\n\t\t\t\t<\/div>\n\t\t\t\t<\/div>\n\t\t<div class=\"elementor-element elementor-element-undefined-eead3cf e-con-full e-flex e-con e-parent\" data-id=\"undefined-eead3cf\" data-element_type=\"container\" data-e-type=\"container\">\n\t\t<div class=\"elementor-element elementor-element-undefined-bbb7eee e-flex e-con-boxed e-con e-child\" data-id=\"undefined-bbb7eee\" data-element_type=\"container\" data-e-type=\"container\">\n\t\t\t\t\t<div class=\"e-con-inner\">\n\t\t<div class=\"elementor-element elementor-element-undefined-c9c6fc4 e-con-full e-flex e-con e-child\" data-id=\"undefined-c9c6fc4\" data-element_type=\"container\" data-e-type=\"container\">\n\t\t\t\t<div class=\"elementor-element elementor-element-undefined-6b7f53f elementor-widget-tablet__width-initial elementor-widget__width-initial elementor-widget elementor-widget-icon-box\" data-id=\"undefined-6b7f53f\" data-element_type=\"widget\" data-e-type=\"widget\" data-widget_type=\"icon-box.default\">\n\t\t\t\t\t\t\t<div class=\"elementor-icon-box-wrapper\">\n\n\t\t\t\n\t\t\t\t\t\t<div class=\"elementor-icon-box-content\">\n\n\t\t\t\t\t\t\t\t\t<h4 class=\"elementor-icon-box-title\">\n\t\t\t\t\t\t<span  >\n\t\t\t\t\t\t\tTel\u00e9fono\t\t\t\t\t\t<\/span>\n\t\t\t\t\t<\/h4>\n\t\t\t\t\n\t\t\t\t\t\t\t\t\t<p class=\"elementor-icon-box-description\">\n\t\t\t\t\t\t(+57) 3002042245\t\t\t\t\t<\/p>\n\t\t\t\t\n\t\t\t<\/div>\n\t\t\t\n\t\t<\/div>\n\t\t\t\t\t\t<\/div>\n\t\t\t\t<div class=\"elementor-element elementor-element-undefined-51707e5 elementor-widget-tablet__width-initial elementor-widget__width-initial elementor-widget-mobile__width-initial elementor-widget elementor-widget-icon-box\" data-id=\"undefined-51707e5\" data-element_type=\"widget\" data-e-type=\"widget\" data-widget_type=\"icon-box.default\">\n\t\t\t\t\t\t\t<div class=\"elementor-icon-box-wrapper\">\n\n\t\t\t\n\t\t\t\t\t\t<div class=\"elementor-icon-box-content\">\n\n\t\t\t\t\t\t\t\t\t<h4 class=\"elementor-icon-box-title\">\n\t\t\t\t\t\t<span  >\n\t\t\t\t\t\t\tCorreo\t\t\t\t\t\t<\/span>\n\t\t\t\t\t<\/h4>\n\t\t\t\t\n\t\t\t\t\t\t\t\t\t<p class=\"elementor-icon-box-description\">\n\t\t\t\t\t\tcosmodentjorge@hotmail.com\t\t\t\t\t<\/p>\n\t\t\t\t\n\t\t\t<\/div>\n\t\t\t\n\t\t<\/div>\n\t\t\t\t\t\t<\/div>\n\t\t\t\t<div class=\"elementor-element elementor-element-undefined-fb68687 elementor-widget-tablet__width-initial elementor-widget__width-initial elementor-widget elementor-widget-icon-box\" data-id=\"undefined-fb68687\" data-element_type=\"widget\" data-e-type=\"widget\" data-widget_type=\"icon-box.default\">\n\t\t\t\t\t\t\t<div class=\"elementor-icon-box-wrapper\">\n\n\t\t\t\n\t\t\t\t\t\t<div class=\"elementor-icon-box-content\">\n\n\t\t\t\t\t\t\t\t\t<h4 class=\"elementor-icon-box-title\">\n\t\t\t\t\t\t<span  >\n\t\t\t\t\t\t\tDirecci\u00f3n\t\t\t\t\t\t<\/span>\n\t\t\t\t\t<\/h4>\n\t\t\t\t\n\t\t\t\t\t\t\t\t\t<p class=\"elementor-icon-box-description\">\n\t\t\t\t\t\tCll 93 # 15 -12 Consultorio 402<br>Bogot\u00e1, Colombia\t\t\t\t\t<\/p>\n\t\t\t\t\n\t\t\t<\/div>\n\t\t\t\n\t\t<\/div>\n\t\t\t\t\t\t<\/div>\n\t\t\t\t<\/div>\n\t\t\t\t\t<\/div>\n\t\t\t\t<\/div>\n\t\t\t\t<\/div>\n\t\t\t\t<\/div>\n\t\t","protected":false},"excerpt":{"rendered":"<p>Nuestros Servicios Conoce nuestros tratamientos con tecnolog\u00edas a la vanguardia y los m\u00e1s altos est\u00e1ndares profesionales Tratamiento deBruxismo BlanqueamientoDental Restauraci\u00f3nDental Dise\u00f1o deSonrisa Alivio y equilibrio para tu d\u00eda a d\u00eda El desgaste dental, los dolores de cabeza o la tensi\u00f3n en la mand\u00edbula no tienen por qu\u00e9 ser parte de tu rutina. Entendemos el impacto [&hellip;]<\/p>\n","protected":false},"author":1,"featured_media":38,"parent":0,"menu_order":0,"comment_status":"closed","ping_status":"closed","template":"elementor_header_footer","meta":{"footnotes":""},"class_list":["post-26","page","type-page","status-publish","has-post-thumbnail","hentry"],"_links":{"self":[{"href":"https:\/\/dr-jorgesanchez.com\/index.php?rest_route=\/wp\/v2\/pages\/26","targetHints":{"allow":["GET"]}}],"collection":[{"href":"https:\/\/dr-jorgesanchez.com\/index.php?rest_route=\/wp\/v2\/pages"}],"about":[{"href":"https:\/\/dr-jorgesanchez.com\/index.php?rest_route=\/wp\/v2\/types\/page"}],"author":[{"embeddable":true,"href":"https:\/\/dr-jorgesanchez.com\/index.php?rest_route=\/wp\/v2\/users\/1"}],"replies":[{"embeddable":true,"href":"https:\/\/dr-jorgesanchez.com\/index.php?rest_route=%2Fwp%2Fv2%2Fcomments&post=26"}],"version-history":[{"count":20,"href":"https:\/\/dr-jorgesanchez.com\/index.php?rest_route=\/wp\/v2\/pages\/26\/revisions"}],"predecessor-version":[{"id":139,"href":"https:\/\/dr-jorgesanchez.com\/index.php?rest_route=\/wp\/v2\/pages\/26\/revisions\/139"}],"wp:featuredmedia":[{"embeddable":true,"href":"https:\/\/dr-jorgesanchez.com\/index.php?rest_route=\/wp\/v2\/media\/38"}],"wp:attachment":[{"href":"https:\/\/dr-jorgesanchez.com\/index.php?rest_route=%2Fwp%2Fv2%2Fmedia&parent=26"}],"curies":[{"name":"wp","href":"https:\/\/api.w.org\/{rel}","templated":true}]}}